base 15, what is -6 - -39?
33
In base 11, what is 2 + 16?
18
In base 15, what is -1 + 1b?
1a
In base 9, what is -5 - -1537?
1532
In base 3, what is -2 - 111111102?
-111111111
In base 15, what is 2 + b5?
b7
In base 8, what is 3462 - -3?
3465
In base 6, what is 12 + -1045?
-1033
In base 14, what is 1 - 1838?
-1837
In base 2, what is 1011 - 11110?
-10011
In base 16, what is 3 + -f17?
-f14
In base 3, what is -222 - 2001?
-10000
In base 14, what is -24 + 1?
-23
In base 5, what is -3 - -342?
334
In base 11, what is -38 + 82?
45
In base 6, what is -2443 - 12?
-2455
In base 16, what is -3 - -57?
54
In base 13, what is -30 - -5?
-28
In base 11, what is -3 - 319?
-321
In base 16, what is -3c7 - -1?
-3c6
In base 14, what is 168 - 3?
165
In base 2, what is 0 - 1100110111?
-1100110111
In base 15, what is 1 - 135?
-134
In base 3, what is -21 + 2202?
2111
In base 14, what is -957 + 0?
-957
In base 11, what is 1 - 380?
-37a
In base 6, what is 40 - -131?
211
In base 4, what is -10130 - -13?
-10111
In base 9, what is -14 + -106?
-121
In base 6, what is -11311 + -2?
-11313
In base 14, what is -51 + 7?
-48
In base 10, what is 2 - 20?
-18
In base 4, what is 1 + 1130300?
1130301
In base 14, what is -79 + -1?
-7a
In base 9, what is -1 - 8610?
-8611
In base 3, what is 11020 + 1011?
12101
In base 9, what is 114 + 0?
114
In base 16, what is -4 - -3?
-1
In base 8, what is 3 - -7?
12
In base 3, what is 10212100 + -1?
10212022
In base 5, what is -20 - -10?
-10
In base 11, what is -2 + 13?
11
In base 11, what is 3 + a93?
a96
In base 5, what is -20 + 34?
14
In base 14, what is -1 - 11d?
-120
In base 9, what is 22 + 30?
52
In base 15, what is 1 - 83a?
-839
In base 15, what is 4 + -186?
-182
In base 6, what is 155 + 21?
220
In base 3, what is 110110 + 12?
110122
In base 10, what is -7 + 5?
-2
In base 14, what is -a + 9?
-1
In base 15, what is -1ac - -1?
-1ab
In base 9, what is 4 + -4423?
-4418
In base 2, what is -10110001 + -1?
-10110010
In base 2, what is 110010010 - 101?
110001101
In base 11, what is -637 - 2?
-639
In base 7, what is 5 - -1000?
1005
In base 6, what is -55315 - 5?
-55324
In base 7, what is 34 + -62?
-25
In base 13, what is 4c1 - 5?
4b9
In base 5, what is 11 - -232?
243
In base 15, what is 12 + -3c3?
-3b1
In base 10, what is 0 - 191?
-191
In base 12, what is -116 + 7?
-10b
In base 16, what is -3f - -5?
-3a
In base 4, what is -1 - -233?
232
In base 16, what is 134 + 4?
138
In base 11, what is -5 - 10?
-15
In base 16, what is 198 - -2?
19a
In base 9, what is 0 - 10883?
-10883
In base 12, what is -415 + 1?
-414
In base 15, what is -12 - 7?
-19
In base 12, what is 7 - -20?
27
In base 9, what is 232 - -17?
250
In base 2, what is 1 - -101110?
101111
In base 5, what is -1200 + 3?
-1142
In base 9, what is -2 - 12177?
-12180
In base 2, what is 101111001 - -10?
101111011
In base 2, what is -10111 + 10011?
-100
In base 12, what is -1 - 6a?
-6b
In base 6, what is 1055 + 4?
1103
In base 6, what is 15 + 134?
153
In base 2, what is -101111000 + -10?
-101111010
In base 6, what is -2 + 122?
120
In base 11, what is -20 - 12?
-32
In base 8, what is -6756 - 1?
-6757
In base 13, what is -2c5 + a?
-2b8
In base 13, what is -9 + -10a7?
-10b3
In base 14, what is 3 - 6c?
-69
In base 8, what is -2 + -364?
-366
In base 13, what is 4219 - 5?
4214
In base 9, what is 1 + -101?
-100
In base 5, what is 410114 - 2?
410112
In base 9, what is 41 - 748?
-707
In base 9, what is 3 - 40?
-36
In base 5, what is -130 + -22?
-202
In base 16, what is -3 + -1fe?
-201
In base 8, what is 12 + 6?
20
In base 12, what is -9 + 1a6?
199
In base 8, what is -5 - 64?
-71
In base 9, what is -370 + -12?
-382
In base 10, what is -875 - -6?
-869
In base 3, what is 1 + 221110?
221111
In base 3, what is 110 + 11?
121
In base 2, what is -10011101 + -101?
-10100010
In base 2, what is -1000011000 + -11?
-1000011011
In base 2, what is -100000 - 10?
-100010
In base 6, what is 4112 - -2?
4114
In base 14, what is -4 - 31?
-35
In base 8, what is -4573 + 0?
-4573
In base 3, what is -10001 - 12?
-10020
In base 16, what is -7 - 16?
-1d
In base 11, what is 1 + -19?
-18
In base 4, what is 11 - -103030?
103101
In base 5, what is 40023 + 2?
40030
In base 4, what is -22201 + 0?
-22201
In base 10, what is 4 + 1011?
1015
In base 5, what is -1143 - 4?
-1202
In base 5, what is -341 + -20?
-411
In base 12, what is 19 - 7b?
-62
In base 3, what is -121121 + -2?
-121200
In base 16, what is -4 + -22e?
-232
In base 14, what is 13 - 1b1?
-19c
In base 2, what is 101 + 11110?
100011
In base 6, what is 154 - -1?
155
In base 2, what is -1110 + -100?
-10010
In base 5, what is -212 - 312?
-1024
In base 13, what is 12 - 78?
-66
In base 11, what is -670 - -2?
-669
In base 10, what is 320 + 12?
332
In base 8, what is 202 + -7?
173
In base 13, what is 828 - 1?
827
In base 7, what is 0 + 2003?
2003
In base 5, what is -12 + 13?
1
In base 4, what is 0 + -1010031?
-1010031
In base 16, what is 10 - -92?
a2
In base 7, what is -16 - 13?
-32
In base 14, what is -138 - 3?
-13b
In base 4, what is -22 - 111?
-133
In base 13, what is -1 - -3c?
3b
In base 14, what is 0 + -8d?
-8d
In base 6, what is -11 - 53?
-104
In base 3, what is -10 - -10102?
10022
In base 12, what is -7 + -458?
-463
In base 2, what is 1000100100 + 111?
1000101011
In base 13, what is 173 + -5?
16b
In base 12, what is -6 - -a7?
a1
In base 15, what is -23 + -a7?
-ca
In base 16, what is -64 - -39?
-2b
In base 2, what is -10 - 101?
-111
In base 5, what is 302 + -3?
244
In base 13, what is -12b - -1?
-12a
In base 8, what is 0 + -14623?
-14623
In base 2, what is 10 + -11?
-1
In base 13, what is -595 + -5?
-59a
In base 9, what is -4 + 2284?
2280
In base 10, what is 489 - 4?
485
In base 16, what is 38 + -1?
37
In base 14, what is -3 - 10?
-13
In base 14, what is -17 + 303?
2ca
In base 9, what is -43 + -567?
-621
In base 3, what is 121 - -11022?
11220
In base 14, what is -b - -1?
-a
In base 15, what is -658 + -1?
-659
In base 12, what is 0 - 27?
-27
In base 6, what is 53 - 3002?
-2505
In base 7, what is -122 + 33?
-56
In base 9, what is 18187 - -1?
18188
In base 7, what is 3 - 206?
-203
In base 4, what is -10132 + 11?
-10121
In base 9, what is 46 + 7?
54
In base 9, what is -1054 - 3?
-1057
In base 2, what is 100 - -1100001011?
1100001111
In base 5, what is -1000 + 3?
-442
In base 13, what is 11 - 1?
10
In base 15, what is 4 + -1d?
-19
In base 10, what is 6 + -12?
-6
In base 8, what is 355 - -5?
362
In base 6, what is -1 - -12?
11
In base 12, what is 8 + 62?
6a
In base 4, what is 30 - -11222?
11312
In base 3, what is -102222 + 12?
-102210
In base 5, what is 1322333 - -2?
1322340
In base 11, what is -37 - 305?
-341
In base 7, what is -1 - -315?
314
In base 13, what is 2 - -88?
8a
In base 2, what is -10 - -1011111001?
1011110111
In base 9, what is 14 - 106?
-82
In base 13, what is -17 - -2?
-15
In base 4, what is -12 - -102103?
102031
In base 11, what is 1 - 406?
-405
In base 16, what is -28 - -5?
-23
In base 16, what is 3b4 - 5?
3af
In base 4, what is 13 - -123?
202
In base 10, what is -4 + 20?
16
In base 10, what is -34 + -5?
-39
In base 13, what is -20 - -17?
-6
In base 16, what is -1 - -8b?
8a
In base 12, what is -13 - 1?
-14
In base 8, what is 2571 - 4?
2565
In base 11, what is 33 - -71?
a4
In base 2, what is -1010111100 + 10?
-1010111010
In base 12, what is -132 - -28?
-106
In base 10, what is -566 - -7?
-559
In base 16, what is 4 - 77?
-73
In base 4, what is -11132 + 3?
-11123
In base 8, what is 1310 + -5?
1303
In base 8, what is 1 - -76?
77
In base 7, what is -3 + 13?
10
In base 4, what is 210 + 3?
213
In base 3, what is 1002120 + -1?
1002112
In base 12, what is -114 + -52?
-166
In base 13, what is -1 - -54?
53
In base 13, what is -4 - 86?
-8a
In base 7, what is 126 - 3?
123
In base 15, what is -1e6 - -1?
-1e5
In base 9, what is 2 - -384?
386
In base 14, what is -30 + 6?
-28
In base 8, what is 466 + 0?
466
In base 3, what is 10 - 2102002?
-2101222
In base 16, what is -46d4 + 3?
-46d1
In base 8, what is 26 + 1342?
1370
In base 9, what is 1 - -2355?
2356
In base 7, what is 12 - 363?
-351
In base 15, what is -d - 16?
-24
In base 9, what is 4 + -11?
-6
In base 8, what is -10 + -1?
-11
In base 14, what is -2 + -40?
-42
In base 5, what is 14 - 213?
-144
In base 3, what is -12 + 1120?
1101
In base 7, wha